 Let i = 110 - k. What is the greatest common factor of i and 156?
39
Suppose 10 = -5*j, j + 16 = 2*w - 4*j. Suppose 40 = -w*x - 20. Let i be (45/10 - 1)*x/(-7). Calculate the greatest common divisor of 70 and i.
10
Suppose 6 = 5*n + 2*f, 2*f = -n - 7366 + 7364. Let u(m) = -1 + 0*m + m + 0. Let s be u(6). What is the highest common factor of n and s?
1
Let b be 1/(-3*3/(-1026)). Let f(o) = -o**3 - 11*o**2 + 13*o + 12. Let d be f(-12). Suppose 532 = 7*y - d*y. Calculate the greatest common divisor of b and y.
38
Suppose -9*g + 8*g + 44 = 2*a, 0 = g + 3*a - 44. Calculate the greatest common divisor of 3124 and g.
44
Suppose 11*i + 4*h - 7*h - 1992 = 0, -3*i + h + 544 = 0. What is the highest common factor of i and 2540?
20
Let q = 29533 - 26833. What is the highest common divisor of q and 630?
90
Let p(h) = -h**2 + 7*h + 10. Let r be p(8). Let g(d) = -12 - 5 + 81*d**r + 15 - d. Let k be g(-1). Calculate the greatest common factor of k and 16.
16
Let z(w) = 6*w**2 + w - 2. Let l be z(-2). Suppose -13*a + 59497 + 17801 = 0. Let v be (-6)/33 - a/(-33). What is the greatest common divisor of v and l?
20
Let z(m) = -m - 3*m**3 - 367 - 4*m**2 + 738 - 365. Let q be z(-2). What is the highest common divisor of q and 20?
4
Let u = 28 + -26. Let j be u/(-8) - (-932)/16. Let l = -52 + j. What is the greatest common divisor of 6 and l?
6
Let d(r) = -142*r**3 + 3 + 2 - 2 + 144*r**3 - 2*r**2. Let t be d(2). What is the highest common divisor of t and 33?
11
Let p be 22 + -19 + 54/(-2) + -1. Let l be 10*(1 - (-15)/p). Let m be l/(-3)*(-5 + 35/10). Calculate the greatest common divisor of m and 14.
2
Let v = -10326 - -17326. What is the greatest common divisor of 210 and v?
70
Suppose 537 = 4*a - 1575. Suppose 16*z = 12*z + a. What is the highest common divisor of z and 168?
12
Suppose 862*a = 849*a + 28457. Calculate the greatest common divisor of 44 and a.
11
Suppose -4*y - 6882 = -2*f, -701*y + 698*y + 6861 = 2*f. What is the highest common divisor of f and 15?
15
Suppose -4172*q = -4241*q + 1035. What is the highest common divisor of 375 and q?
15
Suppose -3*t = -6*t + 2*x + 370, -x - 125 = -t. Let c(g) = 11*g - 25. Let m be c(11). What is the greatest common factor of t and m?
24
Let c = -15 + 11. Let f be (-318)/c + 6/12. Suppose 79 = 4*v + x, x - 30 - 29 = -3*v. What is the greatest common divisor of v and f?
20
Suppose 4*o + 41*z - 526 = 36*z, 4*z - 248 = -2*o. Let f(m) = -2*m**2 - 2*m + 13*m**2 + 0*m. Let a be f(-2). Calculate the highest common factor of o and a.
48
Suppose -4*q + 5*r = -282, 2*r = -4*q - r + 298. Let h be (-52 - 11)*4/(-3). Let n = h - q. What is the highest common divisor of n and 1?
1
Let m(y) = -y**3 + 12*y**2 - 21*y + 2. Let c be m(10). Let q be 27/18 - 68/c. Calculate the greatest common divisor of q and 10.
10
Let s be (-1192)/(-8) + (-1 + -9)/2 - 4. Calculate the greatest common factor of s and 3836.
28
Suppose 0 = -21*o + 16*o + 325. Suppose 5*m - 38 = -3*x, 0 = 2*x + 3*m - 0 - 26. Suppose x*u - 9*u = 35. Calculate the highest common divisor of o and u.
5
Suppose -4*r = 4*y - 80, -y - 5*r = -8 - 12. Let l = 87 + -72. What is the greatest common factor of y and l?
5
Suppose 11*k = 3*k + 416. Suppose k*s - 864 = 44*s. Calculate the highest common divisor of s and 144.
36
Let i(a) be the third derivative of -361*a**6/120 - a**5/30 + a**4/12 + a**3/2 + 2*a**2 + 19*a. Let t be i(-1). What is the highest common factor of t and 9?
9
Let y = 1228 - 1178. Let p(d) = -1 + 2*d**2 + 4*d - 4*d + 19*d**2. Let s be p(-1). What is the greatest common factor of s and y?
10
Suppose -6*o + 7 = -29. Suppose 2*t + 2*s = 6, 4*t - 2*s = 3*s - o. What is the greatest common divisor of 17 and t?
1
Let i = 4040 - 2051. Let m be ((-9)/(-2))/3 + i/34. What is the greatest common factor of 80 and m?
20
Let y be (5 - 1379)*((-99)/(-8))/(180/(-240)). Calculate the highest common divisor of y and 33.
33
Let o be 12/2 + -2 - -12. Let y be 20/9 - 4/18. Suppose -y*r + 130 = a, 6 = -r + a + 68. Calculate the highest common factor of r and o.
16
Let u = 27272 + -27164. What is the highest common factor of u and 4248?
36
Let s be ((-6)/9)/(4/18). Let h(v) = -v**2 - 7*v. Let l be h(s). Suppose 4*t - 672 = -4*t. Calculate the highest common divisor of l and t.
12
Suppose 0 = 5*y - 3*b - 126, -2*b + 28 = 3*y + 3*b. What is the greatest common factor of 333 and y?
3
Suppose c + 2*c + 170 = -b, -155 = b - 2*c. Let l = -106 - b. Let x be 33 + 14 + 4 - 18. What is the greatest common factor of l and x?
11
Suppose 0 = 2*y + 2*x, 0*x + 4*x = 0. Suppose 34*z - 29*z - 825 = y. Calculate the highest common factor of z and 44.
11
Suppose -s - 504 - 876 = -3*n, 4*n - 5*s = 1851. Let y = 52 + -25. Calculate the greatest common divisor of y and n.
27
Suppose -2283 = -9*m + 3720. Let n = m + -379. Calculate the highest common factor of 216 and n.
72
Suppose 12*k + 3589 = 10332 + 5065. What is the greatest common factor of k and 96?
24
Let f(i) = -i. Let z be f(1). Suppose -4*n + 3*p - 8 = 5*p, 0 = -n + p - 5. Let y be -39*4/(z + n). What is the greatest common divisor of y and 13?
13
Let r be (-1325)/750*-10*(4 - 1). Calculate the highest common factor of r and 2.
1
Suppose -h - 5*h = -22*h + 208656. Calculate the highest common divisor of 81 and h.
81
Let s = -217 + 163. Let k be 12/s + 14883/27. Calculate the highest common factor of 29 and k.
29
Let h be 1425/129 + (-34)/731. What is the greatest common divisor of 5357 and h?
11
Let d = -45 + 48. Suppose 13 = 10*s + d*s. Let y be (32/24)/(s/6*2). What is the greatest common factor of 4 and y?
4
Suppose 0 = -2*b + 4*y + 908, -4*b - 3*y + 2307 = 546. Calculate the highest common divisor of b and 168.
12
Let l be 9/2*40/(-30) + 9. What is the highest common divisor of 243 and l?
3
Let b be ((-12)/4)/(3*(-9)/891). Suppose -165 - 319 = -4*w. What is the greatest common factor of w and b?
11
Let j(t) = 6*t + 31. Let p(b) = 12*b + 61. Let m(z) = 13*j(z) - 6*p(z). Let v be m(8). What is the highest common divisor of v and 17?
17
Let f(v) = 173*v + 21. Let u be f(5). Suppose -4*n + 5*d = -u, -3*d + 94 + 360 = 2*n. What is the greatest common factor of 84 and n?
28
Let t = -33 + 52. Suppose -t = f - 28. Suppose -2*r + f = -r. What is the highest common divisor of 9 and r?
9
Let x = -14901 - -14946. What is the greatest common divisor of x and 1017?
9
Let b(t) = -t**2 - 6*t + 3. Let u = -7 - -1. Let d be b(u). Suppose c + 100 - 201 = -2*h, -5*c = -h + 23. Calculate the greatest common factor of d and h.
3
Suppose -d + 9*o - 4*o = -219, -1119 = -5*d + o. Suppose -5*b = -3*x + 176, -10*b + 14*b = 4*x - d. What is the greatest common divisor of 8 and x?
4
Suppose 6*q = 3*q - 504. Let l be (q/126)/(-2*(-2)/(-6)). Suppose l*t - 89 = 1. Calculate the greatest common factor of 60 and t.
15
Let x = 692 - 697. Let m(u) = -u**3 - 6*u**2 - 12*u - 27. Let o be m(x). What is the highest common divisor of 400 and o?
8
Suppose -9*s = -0 - 234. Let w be 193 + s/(-156) + 38/12. What is the highest common factor of 84 and w?
28
Suppose 5*k - 21 = 8*b - 7*b, -3*k + 9 = 0. Let t(i) = -2*i - 10. Let f be t(b). Let l be (-2)/(-3)*3/2. Calculate the greatest common factor of l and f.
1
Suppose -g - 12 = -5*s, 5*g - 18 = g - 2*s. Suppose -383 = -g*t + 322. Calculate the greatest common factor of t and 47.
47
Suppose -11*s + 34*s + 161 = 0. Let b be (-1)/(-2)*(-3024)/s. What is the highest common divisor of 16 and b?
8
Let y be (18/3)/((-17)/((-12138)/18)). What is the highest common divisor of 14 and y?
14
Let c be ((-7774)/(-92))/(2/4). Calculate the greatest common factor of c and 663.
13
Let o be (21 + -10 - 12)/(1/70). Let h be (-468)/(-182)*o/(-3). What is the greatest common divisor of 70 and h?
10
Let n(k) = 55*k - 1. Let s be n(6). Let w = -378 + -343. Let d = w + 768. What is the greatest common factor of s and d?
47
Suppose 257*q + 63*q = 21*q + 299. Calculate the highest common factor of 43 and q.
1
Let b = -484 + 1339. Let g = -605 + b. Let h be g/15 + ((-7)/(-3) - 2). What is the highest common factor of h and 187?
17
Let l(t) = t**3 - 62*t**2 + 81*t - 16. Let y be l(61). Let o = 49 - 21. What is the greatest common divisor of o and y?
28
Let m = -9096 - -9129. Calculate the highest common factor of 1474 and m.
11
Suppose 0 = -5*g + 5*t + 757 